at is s(-4)?
-12
Let f(n) be the first derivative of -3*n - 2*n**2 + n**3 - 3 + 1/4*n**4. Suppose 3*x + 4 = -5. Determine f(x).
9
Let s(y) = -5*y + 2. Let f be s(0). Let j(b) = 1 - 3*b**2 - 3*b + 4*b**2 + b**3 + b. Calculate j(f).
9
Suppose 3*k = -z - 1, 3*z + 4*k = -0*k + 2. Let b(f) = -4*f**2 + 3*f - 1. Calculate b(z).
-11
Let l(u) = 4*u - 3*u - 1 + 0 + 0*u. Let m be l(-3). Let r be 4/(m/2) + -2. Let c(q) = -3*q - 5. Calculate c(r).
7
Let h be (-22)/312 - (2 + (-140)/65). Let k(b) be the second derivative of -h*b**4 - 1/3*b**3 + 0 + 1/2*b**2 - 4*b. Give k(1).
-2
Let r(m) = 3*m**2 - 4*m + 3. Suppose 5*b - 2*b = 6. What is r(b)?
7
Let x(q) = -7*q**2 + 13*q + 19. Let a(i) = 3*i**2 - 6*i - 9. Let n(k) = -5*a(k) - 2*x(k). Let g = -5 - -10. Give n(g).
2
Suppose -43 = -2*m - 33. Suppose 0*f = -4*f + 12. Let g(q) = -4*q + f + 0*q + q**2 - 2*q. Give g(m).
-2
Let w(u) = -7*u**2 + 8*u - 3. Let g(p) = 3*p**2 - 4*p + 1. Let b(y) = 3*y**2 + y. Let q be b(-1). Let t(a) = q*w(a) + 5*g(a). Let h = -23 + 26. Determine t(h).
-4
Let s(n) = n**2 + 3*n + 3. Let x = 1 + -3. Let c(v) = 3*v**2 + 7*v + 5. Let l(a) = x*c(a) + 5*s(a). Calculate l(0).
5
Let b(v) = 2*v - 9. Suppose 0 = d - 10. Suppose 40 = 5*h + d. Calculate b(h).
3
Let d be (-2)/(-5) + (-8)/(-5). Let o(g) = d + 2 - 5 - 1 + g. What is o(-5)?
-7
Let z = -43 + 49. Let l(m) = m**3 - 7*m**2 + 2*m + 6. Calculate l(z).
-18
Let v(o) = -9*o**3 + 3*o**2 + 21*o. Let x(j) = 4*j**3 - 2*j**2 - 10*j. Let u(b) = -3*v(b) - 7*x(b). Let s(g) = -g + 6. Let w be s(0). What is u(w)?
6
Let j be (-1)/((-4)/(-32)*-2). Let c(w) = -w + 3. Determine c(j).
-1
Let d(q) = 2*q - 27. Let w(n) = n - 12. Let a(h) = 2*d(h) - 5*w(h). Let u = -5 - -8. What is a(u)?
3
Let x(b) be the second derivative of -b**5/20 + 5*b**4/12 + 4*b**3/3 - 3*b**2/2 + b. Suppose 2 = -2*f + 10. Suppose -f*q = q - 30. Determine x(q).
9
Let u(l) = -l**3 - 2*l**2 + 3*l + 1. Let s be (-5 - 19/(-3))/(4/(-6)). Determine u(s).
-5
Suppose y - 2 + 0 = 0. Let g(v) be the first derivative of 3 - 3/2*v**y + v. What is g(4)?
-11
Let p(u) = 8 + 4 - 13 + 3*u. Suppose 2 = -4*l - 6. Determine p(l).
-7
Suppose -3*l - l - 19 = -f, 3*f = -3*l - 3. Let d(c) = -c**3 - 3*c**2 + 4*c - 2. Determine d(l).
-2
Suppose -3*m - 18 = 2*i, -5*m - 23 = -3*i + 7. Let d(g) = g + 5. Give d(m).
-1
Let k(y) = y. Suppose 1 = 5*v + 6. Calculate k(v).
-1
Let v(b) be the third derivative of 0*b + 1/120*b**6 + 7/24*b**4 + 0*b**3 - 1/10*b**5 + 0 + b**2. Give v(5).
10
Let c(d) = -2*d + 2. Let y = 9 - 7. Suppose 5*f - p = -10, f - 2*f + 3*p = y. Give c(f).
6
Let a(w) = -8*w**2 - w - 1. Let k be 130 - (-2)/(-3 + 2). Let c be k/12 - (-4)/(-6). Suppose c*z = 5*z - 5. Determine a(z).
-8
Suppose 2*v - 7 - 14 = h, -45 = -5*v + h. Let r = -2 + v. Let m(p) = -p + 13. Calculate m(r).
7
Let v(s) = -3 - 2 + 2 + 11*s - 6*s. Let d(n) = n**2 - 8*n + 9. Let k = -5 - -12. Let w be d(k). What is v(w)?
7
Let h(i) = 7*i**3 + 6*i**2 - i + 1. Let j(p) = 11*p**3 + 9*p**2 - p + 2. Let o(g) = 8*h(g) - 5*j(g). Let n be ((-10)/30)/((-1)/(-12)). Calculate o(n).
-6
Suppose 4*m = 0, -3*l - 10 = -5*l + 5*m. Let b(v) = 2*v**2 + 2 + 2 - v**3 + 4*v**2 - l*v. Let t(u) = -4*u - 111. Let s be t(-29). Calculate b(s).
4
Suppose 0*s = -5*s + 3*l + 10, -3*l + 25 = 2*s. Let c(i) = s - 5*i + 4*i - 2*i. Suppose z - 15 = -4*r, -r = -5*r - 5*z + 11. Calculate c(r).
-7
Suppose -4*a + 20 = -5*p, 25 = -3*a - 2*a. Let t be (-46)/p + (-3)/(-12). Let q(s) = s**3 - 6*s**2 - 4. Determine q(t).
-4
Let x(z) = -z. Let w be (-1 - (-10)/(-2))/1. Let k be 6/(-21) - w/21. Suppose 3*s - 1 - 2 = k. Give x(s).
-1
Let d(a) = -a. Let t(n) = 2*n**2 - 3*n - 1. Let r(k) = -2*d(k) + t(k). Suppose -m - 3*f = 10, -4*f - 15 - 3 = -m. What is r(m)?
5
Let n(c) = c**3 + 5*c**2 - 6*c + 5. Let m be (-1 - -19) + (-13 - -13). Suppose w + m = -2*w. What is n(w)?
5
Let i(r) = r - 2 + 7 - 1 - 2*r - 2*r**2. Give i(-3).
-11
Let a = 14 - 16. Let u(p) = p**2 + 3*p + 3. Give u(a).
1
Suppose -2*p + 34 = -4*b, b - 2*b + 51 = 3*p. Suppose 2*y - 11 = -4*j + p, 4 = -4*y + 4*j. Let v(h) = 5*h - 2*h + y*h - 4*h. Calculate v(-1).
-3
Let r(p) = -3*p**2 + p. Let z(o) = 2*o + 11. Let b be z(-8). Let s be b/1*4/(-10). Suppose -h + 4*w + 1 = 3*w, -s*h = -w. What is r(h)?
-4
Let t(i) = -39*i**3 + 23*i**3 + 5 + 17*i**3 + 10*i**2 - 10*i. What is t(-11)?
-6
Let l(c) = c + 3. Let z(h) = h**2 - 7*h + 5. Suppose 5*d = 59 + 31. Let o = d + -13. Let j be z(o). What is l(j)?
-2
Let q(r) = -9*r + 21. Let j(a) = -3*a + 7. Let k(c) = 7*j(c) - 2*q(c). What is k(5)?
-8
Let u(n) = -n**2 + 4*n. Let i be u(5). Suppose -a + 10 = a. Let w(d) = 2*d**2 - 9*d - 1. Let m(x) = -3*x**2 + 17*x + 1. Let v(c) = a*w(c) + 3*m(c). Give v(i).
-7
Let q(v) = -16 + 8*v + v**2 + 1 + 2*v + 2*v. Let w be q(-13). Let r(y) = -y + 2. What is r(w)?
4
Let m(z) = z + 6. Let l be m(-3). Let x(f) = -2*f - 1 - l*f + 2*f - f. What is x(-1)?
3
Let d = -13 - -8. Let o = -3 - d. Let r(c) = 3 + 3 + c - 4 - c**o. Calculate r(2).
0
Let b(g) = 9*g + 8. Let w(c) = -c**2 + 6 - c - 5 + 2*c. Let x(a) = b(a) - w(a). Give x(-5).
-8
Let c(z) = -3 + z - z**2 + 2*z**2 + 10. Let o = -5 + 10. Let d = -5 + o. What is c(d)?
7
Let r(w) = -3*w + 30. Let d be r(12). Let v(k) = k**3 + 7*k**2 + 9*k + 9. Give v(d).
-9
Suppose -r = 3*t - 5*t - 1, 0 = -t - 5*r + 27. Let c be -3 + 12/3 + 3. Let l(o) = 0*o**2 - c*o**2 + 8*o**t. What is l(-1)?
4
Let v = -6 + -4. Let r = -16 - v. Let a(y) = 8*y + 5*y**2 - 7*y**2 + 3*y**2 + 4. Give a(r).
-8
Let k(u) = u**2 + u. Let f(n) be the second derivative of n**5/20 - n**4/12 - 5*n**3/3 + n**2/2 - 5*n. Let c(m) = -f(m) - 5*k(m). Calculate c(-5).
-1
Let s(z) = z + 5. Let x be s(4). Let t(p) = -2*p - 3. Let v be t(-3). Let u(o) = -o**2 - x - 2*o**3 + 5*o + o**v - 4*o. What is u(0)?
-9
Let o(i) = i**2. Suppose -j + 0*j - 20 = -5*g, 0 = -2*j - 5*g + 35. Let x(h) = -h**2 - h + 1. Let c(s) = j*o(s) + 4*x(s). What is c(3)?
1
Suppose -2*w + 3*h - 13 = 0, 0 = -2*w - 3*h - 0*h - 7. Let t(o) = 3*o**2 - 4*o + 2. Let f(u) = -u**2 + 1. Let k(m) = -4*f(m) - t(m). Determine k(w).
-1
Let q(z) be the third derivative of z**4/12 + z**3/6 - 18*z**2. What is q(-3)?
-5
Let o(z) = -1 - z + z**2 + 0*z + 0*z. Let u(j) = j**3 + j**2 + 4*j + 3. Let w(v) = 3*o(v) + u(v). What is w(-3)?
6
Let f(d) = -2*d - d**2 - 1 - 3*d**3 + d + 0*d**3. Let y = 10 + -11. Determine f(y).
2
Let u = -11 - -15. Let o(r) = r**3 - u + 5 + 0*r**3 - 3*r**2 + 0. What is o(3)?
1
Suppose w + 33 = 4*f, 0 = 3*f - 5*f - 2*w + 4. Let l(z) = -f - z - 2 + 12 + z**2. Give l(0).
3
Suppose 53 = -15*s + 8. Let w(j) = -j**3 - j**2 + 2*j - 4. Calculate w(s).
8
Suppose -2*w + 28 = -0*w. Suppose 0 = m - 3*m + 2*l + w, 3*m - 4*l = 26. Let v(r) = -r**3 + 1. Calculate v(m).
-7
Suppose -3*i - 24 = -3*s, 0 = -0*s - s + 2. Let r(m) = -2*m - 8. Let a be r(i). Let y(f) = -f + 2. Calculate y(a).
-2
Let l(w) be the first derivative of 5 + 0*w**2 + 3*w - 1/3*w**3 - 1/4*w**4. What is l(0)?
3
Let o(x) = 5*x**3 + 6*x**2 - 1. Let y(m) = m**2. Let k(z) = o(z) - 4*y(z). Calculate k(1).
6
Let j be (-2 - (-1 - -2))/1. Let q = j + 1. Let a(i) = 3*i + 3. Give a(q).
-3
Suppose -n + t = -0*t - 4, n + 3*t = 0. Let a be 1/n - (-18)/27. Let u(s) = 5*s**2 - 5*s + 1. Let h(v) = v**2 - v. Let x(g) = 4*h(g) - u(g). What is x(a)?
-1
Let d be 2/(2*1) + -9. Let w(t) = -17*t + 5 + 9*t - 5*t**3 - 8*t**2 + 0*t. Let z(r) = 3*r**3 + 5*r**2 + 5*r - 3. Let c(j) = d*z(j) - 5*w(j). Calculate c(0).
-1
Let y be (-2)/4 + 35/(-70). Let f(x) = -10*x**3 - x**2. Calculate f(y).
9
Let r(p) be the first derivative of 1/4*p**4 + 7*p - 2 - 4/3*p**3 - 7/2*p**2. What is r(5)?
-3
Let p(q) = 17 - 3*q**3 - 12*q**2 + 5*q + 13*q**3 - 2*q**3. Let v(y) = 3*y**3 - 4*y**2 + 2*y + 6. Let u(k) = 4*p(k) - 11*v(k). Give u(-4).
10
Let o(g) = -g**3 + 4*g**2 - 3*g - 4. Let l(m) = -m + 1. Let i be l(-2). Let p be (i/(-4))/(4/16). Let f = p - -6. Give o(f).
-4
Let z(g) = -3*g + 1. Suppose -5*f + 4*d + 104 - 26 = 0, -f + 12 = d. Suppose q + 2 = 0, -2*q = -5*y - 0*y + f. Give z(y).
-5
Let l be -2*3/3*-2. Suppose l*g - 14 = n, 2*g + 0*g - 16 = -4*n. Let r(c) = -c**3 + 4*c**2 - 1. Determine r(g).
-1
Let l(u) = u - 9. Let z = -4 + 6. Let v = 0 + z. Let h(r) = r - 2. Let d be h(v). Determine l(d).
-9
Let a(t) = -t. Let u(f) = f**2 - 2*f + 3. Suppose 0*l - 18 = -3*l. Let g(o) = l*a(o) - u(